{"id":2282,"date":"2015-02-09T16:27:53","date_gmt":"2015-02-17T12:44:59","guid":{"rendered":"https:\/\/www.naturales-canarias.com\/es\/produkte\/aloe-vera-shampoo-aromas-naturales\/"},"modified":"2024-01-07T18:43:47","modified_gmt":"2024-01-07T18:43:47","slug":"champu-de-aloe-vera-dermetiks","status":"publish","type":"product","link":"https:\/\/www.naturales-canarias.com\/es\/productos\/champu-de-aloe-vera-dermetiks\/","title":{"rendered":"Champ\u00fa de Aloe Vera | Dermetiks"},"content":{"rendered":"<p><strong>Champ\u00fa de Aloe Vera<\/strong><\/p>\n<ul>\n<li>Plantas de la agricultura ecol\u00f3gica<\/li>\n<li>Contiene aloe vera y cal\u00e9ndula<\/li>\n<li>Para pelo normal<\/li>\n<\/ul>\n<p>&nbsp;<\/p>\n<p style=\"text-align: justify;\">Para la limpieza diaria y el cuidado del cabello y el cuero cabelludo. El champ\u00fa de aloe vera con cal\u00e9ndula contiene numerosos componentes de la planta y cuida tanto del cabello como del cuero cabelludo. El champ\u00fa con aloe vera le proporciona frescura y elasticidad al cabello. El aloe vera y la cal\u00e9ndula calman el cuero cabelludo irritado y sensible.<\/p>\n<p>&nbsp;<\/p>\n<hr \/>\n<p>&nbsp;<\/p>\n<p><strong> Capacidad:<\/strong> 250ml<\/p>\n<p><strong> Proveedor:<\/strong> Dermetiks<\/p>\n<p>&nbsp;<\/p>\n<p style=\"text-align: justify;\"><em><strong> Ingredientes:<\/strong> Aqua, Sodium Laureth Sulfate, Cocamide Dea, Cocamidopropyl Betaine, Polyquaternium-7, Aloe barbadensis, Calendula Officialis, Sodium Chloride, Polyquaternium-22, Parfum, Panthenol, Methylisothiazolinone, Methylchloroisothiazolinone.<\/em><\/p>\n<p>&nbsp;<\/p>\n","protected":false},"excerpt":{"rendered":"<p><strong>Champ\u00fa de Aloe Vera | Dermetiks<\/strong><br \/>\n250ml | Dermetiks<\/p>\n","protected":false},"featured_media":2417,"template":"","meta":[],"product_brand":[],"product_cat":[48],"product_tag":[],"class_list":{"0":"post-2282","1":"product","2":"type-product","3":"status-publish","4":"has-post-thumbnail","6":"product_cat-pelo","8":"first","9":"instock","10":"shipping-taxable","11":"purchasable","12":"product-type-simple"},"yoast_head":"<!-- This site is optimized with the Yoast SEO plugin v27.5 - https:\/\/yoast.com\/product\/yoast-seo-wordpress\/ -->\n<title>Champ\u00fa de Aloe Vera | Dermetiks - Aloe Vera Shop - Naturales Canaria<\/title>\n<meta name=\"robots\" content=\"index, follow, max-snippet:-1, max-image-preview:large, max-video-preview:-1\" \/>\n<link rel=\"canonical\" href=\"https:\/\/www.naturales-canarias.com\/es\/productos\/champu-de-aloe-vera-dermetiks\/\" \/>\n<meta property=\"og:locale\" content=\"es_ES\" \/>\n<meta property=\"og:type\" content=\"article\" \/>\n<meta property=\"og:title\" content=\"Champ\u00fa de Aloe Vera | Dermetiks - Aloe Vera Shop - Naturales Canaria\" \/>\n<meta property=\"og:description\" content=\"Champ\u00fa de Aloe Vera | Dermetiks 250ml | Dermetiks\" \/>\n<meta property=\"og:url\" content=\"https:\/\/www.naturales-canarias.com\/es\/productos\/champu-de-aloe-vera-dermetiks\/\" \/>\n<meta property=\"og:site_name\" content=\"Aloe Vera Shop - Naturales Canaria\" \/>\n<meta property=\"article:publisher\" content=\"https:\/\/www.facebook.com\/Naturales-Canarias-Aloe-Vera-Shop-777293042339239\/?fref=ts\" \/>\n<meta property=\"article:modified_time\" content=\"2024-01-07T18:43:47+00:00\" \/>\n<meta property=\"og:image\" content=\"https:\/\/www.naturales-canarias.com\/wp-content\/uploads\/2015\/02\/1423Dermetiks-shampoo-calendula-naturales-canarias.png\" \/>\n\t<meta property=\"og:image:width\" content=\"800\" \/>\n\t<meta property=\"og:image:height\" content=\"800\" \/>\n\t<meta property=\"og:image:type\" content=\"image\/png\" \/>\n<meta name=\"twitter:label1\" content=\"Tiempo de lectura\" \/>\n\t<meta name=\"twitter:data1\" content=\"1 minuto\" \/>\n<script type=\"application\/ld+json\" class=\"yoast-schema-graph\">{\"@context\":\"https:\\\/\\\/schema.org\",\"@graph\":[{\"@type\":\"WebPage\",\"@id\":\"https:\\\/\\\/www.naturales-canarias.com\\\/es\\\/productos\\\/champu-de-aloe-vera-dermetiks\\\/\",\"url\":\"https:\\\/\\\/www.naturales-canarias.com\\\/es\\\/productos\\\/champu-de-aloe-vera-dermetiks\\\/\",\"name\":\"Champ\u00fa de Aloe Vera | Dermetiks - Aloe Vera Shop - Naturales Canaria\",\"isPartOf\":{\"@id\":\"https:\\\/\\\/www.naturales-canarias.com\\\/nl\\\/#website\"},\"primaryImageOfPage\":{\"@id\":\"https:\\\/\\\/www.naturales-canarias.com\\\/es\\\/productos\\\/champu-de-aloe-vera-dermetiks\\\/#primaryimage\"},\"image\":{\"@id\":\"https:\\\/\\\/www.naturales-canarias.com\\\/es\\\/productos\\\/champu-de-aloe-vera-dermetiks\\\/#primaryimage\"},\"thumbnailUrl\":\"https:\\\/\\\/www.naturales-canarias.com\\\/wp-content\\\/uploads\\\/2015\\\/02\\\/1423Dermetiks-shampoo-calendula-naturales-canarias.png\",\"datePublished\":\"2015-02-17T12:44:59+00:00\",\"dateModified\":\"2024-01-07T18:43:47+00:00\",\"breadcrumb\":{\"@id\":\"https:\\\/\\\/www.naturales-canarias.com\\\/es\\\/productos\\\/champu-de-aloe-vera-dermetiks\\\/#breadcrumb\"},\"inLanguage\":\"es\",\"potentialAction\":[{\"@type\":\"ReadAction\",\"target\":[\"https:\\\/\\\/www.naturales-canarias.com\\\/es\\\/productos\\\/champu-de-aloe-vera-dermetiks\\\/\"]}]},{\"@type\":\"ImageObject\",\"inLanguage\":\"es\",\"@id\":\"https:\\\/\\\/www.naturales-canarias.com\\\/es\\\/productos\\\/champu-de-aloe-vera-dermetiks\\\/#primaryimage\",\"url\":\"https:\\\/\\\/www.naturales-canarias.com\\\/wp-content\\\/uploads\\\/2015\\\/02\\\/1423Dermetiks-shampoo-calendula-naturales-canarias.png\",\"contentUrl\":\"https:\\\/\\\/www.naturales-canarias.com\\\/wp-content\\\/uploads\\\/2015\\\/02\\\/1423Dermetiks-shampoo-calendula-naturales-canarias.png\",\"width\":800,\"height\":800},{\"@type\":\"BreadcrumbList\",\"@id\":\"https:\\\/\\\/www.naturales-canarias.com\\\/es\\\/productos\\\/champu-de-aloe-vera-dermetiks\\\/#breadcrumb\",\"itemListElement\":[{\"@type\":\"ListItem\",\"position\":1,\"name\":\"Home\",\"item\":\"https:\\\/\\\/www.naturales-canarias.com\\\/es\\\/\"},{\"@type\":\"ListItem\",\"position\":2,\"name\":\"Tienda\",\"item\":\"https:\\\/\\\/www.naturales-canarias.com\\\/es\\\/tienda\\\/\"},{\"@type\":\"ListItem\",\"position\":3,\"name\":\"Champ\u00fa de Aloe Vera | Dermetiks\"}]},{\"@type\":\"WebSite\",\"@id\":\"https:\\\/\\\/www.naturales-canarias.com\\\/nl\\\/#website\",\"url\":\"https:\\\/\\\/www.naturales-canarias.com\\\/nl\\\/\",\"name\":\"Aloe Vera Shop - Naturales Canaria\",\"description\":\"Productos de Aloe Vera de Canarias\",\"potentialAction\":[{\"@type\":\"SearchAction\",\"target\":{\"@type\":\"EntryPoint\",\"urlTemplate\":\"https:\\\/\\\/www.naturales-canarias.com\\\/nl\\\/?s={search_term_string}\"},\"query-input\":{\"@type\":\"PropertyValueSpecification\",\"valueRequired\":true,\"valueName\":\"search_term_string\"}}],\"inLanguage\":\"es\"}]}<\/script>\n<!-- \/ Yoast SEO plugin. -->","yoast_head_json":{"title":"Champ\u00fa de Aloe Vera | Dermetiks - Aloe Vera Shop - Naturales Canaria","robots":{"index":"index","follow":"follow","max-snippet":"max-snippet:-1","max-image-preview":"max-image-preview:large","max-video-preview":"max-video-preview:-1"},"canonical":"https:\/\/www.naturales-canarias.com\/es\/productos\/champu-de-aloe-vera-dermetiks\/","og_locale":"es_ES","og_type":"article","og_title":"Champ\u00fa de Aloe Vera | Dermetiks - Aloe Vera Shop - Naturales Canaria","og_description":"Champ\u00fa de Aloe Vera | Dermetiks 250ml | Dermetiks","og_url":"https:\/\/www.naturales-canarias.com\/es\/productos\/champu-de-aloe-vera-dermetiks\/","og_site_name":"Aloe Vera Shop - Naturales Canaria","article_publisher":"https:\/\/www.facebook.com\/Naturales-Canarias-Aloe-Vera-Shop-777293042339239\/?fref=ts","article_modified_time":"2024-01-07T18:43:47+00:00","og_image":[{"width":800,"height":800,"url":"https:\/\/www.naturales-canarias.com\/wp-content\/uploads\/2015\/02\/1423Dermetiks-shampoo-calendula-naturales-canarias.png","type":"image\/png"}],"twitter_misc":{"Tiempo de lectura":"1 minuto"},"schema":{"@context":"https:\/\/schema.org","@graph":[{"@type":"WebPage","@id":"https:\/\/www.naturales-canarias.com\/es\/productos\/champu-de-aloe-vera-dermetiks\/","url":"https:\/\/www.naturales-canarias.com\/es\/productos\/champu-de-aloe-vera-dermetiks\/","name":"Champ\u00fa de Aloe Vera | Dermetiks - Aloe Vera Shop - Naturales Canaria","isPartOf":{"@id":"https:\/\/www.naturales-canarias.com\/nl\/#website"},"primaryImageOfPage":{"@id":"https:\/\/www.naturales-canarias.com\/es\/productos\/champu-de-aloe-vera-dermetiks\/#primaryimage"},"image":{"@id":"https:\/\/www.naturales-canarias.com\/es\/productos\/champu-de-aloe-vera-dermetiks\/#primaryimage"},"thumbnailUrl":"https:\/\/www.naturales-canarias.com\/wp-content\/uploads\/2015\/02\/1423Dermetiks-shampoo-calendula-naturales-canarias.png","datePublished":"2015-02-17T12:44:59+00:00","dateModified":"2024-01-07T18:43:47+00:00","breadcrumb":{"@id":"https:\/\/www.naturales-canarias.com\/es\/productos\/champu-de-aloe-vera-dermetiks\/#breadcrumb"},"inLanguage":"es","potentialAction":[{"@type":"ReadAction","target":["https:\/\/www.naturales-canarias.com\/es\/productos\/champu-de-aloe-vera-dermetiks\/"]}]},{"@type":"ImageObject","inLanguage":"es","@id":"https:\/\/www.naturales-canarias.com\/es\/productos\/champu-de-aloe-vera-dermetiks\/#primaryimage","url":"https:\/\/www.naturales-canarias.com\/wp-content\/uploads\/2015\/02\/1423Dermetiks-shampoo-calendula-naturales-canarias.png","contentUrl":"https:\/\/www.naturales-canarias.com\/wp-content\/uploads\/2015\/02\/1423Dermetiks-shampoo-calendula-naturales-canarias.png","width":800,"height":800},{"@type":"BreadcrumbList","@id":"https:\/\/www.naturales-canarias.com\/es\/productos\/champu-de-aloe-vera-dermetiks\/#breadcrumb","itemListElement":[{"@type":"ListItem","position":1,"name":"Home","item":"https:\/\/www.naturales-canarias.com\/es\/"},{"@type":"ListItem","position":2,"name":"Tienda","item":"https:\/\/www.naturales-canarias.com\/es\/tienda\/"},{"@type":"ListItem","position":3,"name":"Champ\u00fa de Aloe Vera | Dermetiks"}]},{"@type":"WebSite","@id":"https:\/\/www.naturales-canarias.com\/nl\/#website","url":"https:\/\/www.naturales-canarias.com\/nl\/","name":"Aloe Vera Shop - Naturales Canaria","description":"Productos de Aloe Vera de Canarias","potentialAction":[{"@type":"SearchAction","target":{"@type":"EntryPoint","urlTemplate":"https:\/\/www.naturales-canarias.com\/nl\/?s={search_term_string}"},"query-input":{"@type":"PropertyValueSpecification","valueRequired":true,"valueName":"search_term_string"}}],"inLanguage":"es"}]}},"_links":{"self":[{"href":"https:\/\/www.naturales-canarias.com\/es\/wp-json\/wp\/v2\/product\/2282","targetHints":{"allow":["GET"]}}],"collection":[{"href":"https:\/\/www.naturales-canarias.com\/es\/wp-json\/wp\/v2\/product"}],"about":[{"href":"https:\/\/www.naturales-canarias.com\/es\/wp-json\/wp\/v2\/types\/product"}],"wp:featuredmedia":[{"embeddable":true,"href":"https:\/\/www.naturales-canarias.com\/es\/wp-json\/wp\/v2\/media\/2417"}],"wp:attachment":[{"href":"https:\/\/www.naturales-canarias.com\/es\/wp-json\/wp\/v2\/media?parent=2282"}],"wp:term":[{"taxonomy":"product_brand","embeddable":true,"href":"https:\/\/www.naturales-canarias.com\/es\/wp-json\/wp\/v2\/product_brand?post=2282"},{"taxonomy":"product_cat","embeddable":true,"href":"https:\/\/www.naturales-canarias.com\/es\/wp-json\/wp\/v2\/product_cat?post=2282"},{"taxonomy":"product_tag","embeddable":true,"href":"https:\/\/www.naturales-canarias.com\/es\/wp-json\/wp\/v2\/product_tag?post=2282"}],"curies":[{"name":"wp","href":"https:\/\/api.w.org\/{rel}","templated":true}]}}

Champú de Aloe Vera | Dermetiks

<p><strong>Champú de Aloe Vera</strong></p>
<ul>
<li>Plantas de la agricultura ecológica</li>
<li>Contiene aloe vera y caléndula</li>
<li>Para pelo normal</li>
</ul>
<p>&nbsp;</p>
<p style="text-align: justify;">Para la limpieza diaria y el cuidado del cabello y el cuero cabelludo. El champú de aloe vera con caléndula contiene numerosos componentes de la planta y cuida tanto del cabello como del cuero cabelludo. El champú con aloe vera le proporciona frescura y elasticidad al cabello. El aloe vera y la caléndula calman el cuero cabelludo irritado y sensible.</p>
<p>&nbsp;</p>
<hr />
<p>&nbsp;</p>
<p><strong> Capacidad:</strong> 250ml</p>
<p><strong> Proveedor:</strong> Dermetiks</p>
<p>&nbsp;</p>
<p style="text-align: justify;"><em><strong> Ingredientes:</strong> Aqua, Sodium Laureth Sulfate, Cocamide Dea, Cocamidopropyl Betaine, Polyquaternium-7, Aloe barbadensis, Calendula Officialis, Sodium Chloride, Polyquaternium-22, Parfum, Panthenol, Methylisothiazolinone, Methylchloroisothiazolinone.</em></p>
<p>&nbsp;</p>

<p><strong>Champú de Aloe Vera | Dermetiks</strong><br />
250ml | Dermetiks</p>

<!-- This site is optimized with the Yoast SEO plugin v27.5 - https://yoast.com/product/yoast-seo-wordpress/ -->
<title>Champú de Aloe Vera | Dermetiks - Aloe Vera Shop - Naturales Canaria</title>
<meta name="robots" content="index, follow, max-snippet:-1, max-image-preview:large, max-video-preview:-1" />
<link rel="canonical" href="https://www.naturales-canarias.com/es/productos/champu-de-aloe-vera-dermetiks/" />
<meta property="og:locale" content="es_ES" />
<meta property="og:type" content="article" />
<meta property="og:title" content="Champú de Aloe Vera | Dermetiks - Aloe Vera Shop - Naturales Canaria" />
<meta property="og:description" content="Champú de Aloe Vera | Dermetiks 250ml | Dermetiks" />
<meta property="og:url" content="https://www.naturales-canarias.com/es/productos/champu-de-aloe-vera-dermetiks/" />
<meta property="og:site_name" content="Aloe Vera Shop - Naturales Canaria" />
<meta property="article:publisher" content="https://www.facebook.com/Naturales-Canarias-Aloe-Vera-Shop-777293042339239/?fref=ts" />
<meta property="article:modified_time" content="2024-01-07T18:43:47+00:00" />
<meta property="og:image" content="https://www.naturales-canarias.com/wp-content/uploads/2015/02/1423Dermetiks-shampoo-calendula-naturales-canarias.png" />
	<meta property="og:image:width" content="800" />
	<meta property="og:image:height" content="800" />
	<meta property="og:image:type" content="image/png" />
<meta name="twitter:label1" content="Tiempo de lectura" />
	<meta name="twitter:data1" content="1 minuto" />
<script type="application/ld+json" class="yoast-schema-graph">{"@context":"https:\/\/schema.org","@graph":[{"@type":"WebPage","@id":"https:\/\/www.naturales-canarias.com\/es\/productos\/champu-de-aloe-vera-dermetiks\/","url":"https:\/\/www.naturales-canarias.com\/es\/productos\/champu-de-aloe-vera-dermetiks\/","name":"Champú de Aloe Vera | Dermetiks - Aloe Vera Shop - Naturales Canaria","isPartOf":{"@id":"https:\/\/www.naturales-canarias.com\/nl\/#website"},"primaryImageOfPage":{"@id":"https:\/\/www.naturales-canarias.com\/es\/productos\/champu-de-aloe-vera-dermetiks\/#primaryimage"},"image":{"@id":"https:\/\/www.naturales-canarias.com\/es\/productos\/champu-de-aloe-vera-dermetiks\/#primaryimage"},"thumbnailUrl":"https:\/\/www.naturales-canarias.com\/wp-content\/uploads\/2015\/02\/1423Dermetiks-shampoo-calendula-naturales-canarias.png","datePublished":"2015-02-17T12:44:59+00:00","dateModified":"2024-01-07T18:43:47+00:00","breadcrumb":{"@id":"https:\/\/www.naturales-canarias.com\/es\/productos\/champu-de-aloe-vera-dermetiks\/#breadcrumb"},"inLanguage":"es","potentialAction":[{"@type":"ReadAction","target":["https:\/\/www.naturales-canarias.com\/es\/productos\/champu-de-aloe-vera-dermetiks\/"]}]},{"@type":"ImageObject","inLanguage":"es","@id":"https:\/\/www.naturales-canarias.com\/es\/productos\/champu-de-aloe-vera-dermetiks\/#primaryimage","url":"https:\/\/www.naturales-canarias.com\/wp-content\/uploads\/2015\/02\/1423Dermetiks-shampoo-calendula-naturales-canarias.png","contentUrl":"https:\/\/www.naturales-canarias.com\/wp-content\/uploads\/2015\/02\/1423Dermetiks-shampoo-calendula-naturales-canarias.png","width":800,"height":800},{"@type":"BreadcrumbList","@id":"https:\/\/www.naturales-canarias.com\/es\/productos\/champu-de-aloe-vera-dermetiks\/#breadcrumb","itemListElement":[{"@type":"ListItem","position":1,"name":"Home","item":"https:\/\/www.naturales-canarias.com\/es\/"},{"@type":"ListItem","position":2,"name":"Tienda","item":"https:\/\/www.naturales-canarias.com\/es\/tienda\/"},{"@type":"ListItem","position":3,"name":"Champú de Aloe Vera | Dermetiks"}]},{"@type":"WebSite","@id":"https:\/\/www.naturales-canarias.com\/nl\/#website","url":"https:\/\/www.naturales-canarias.com\/nl\/","name":"Aloe Vera Shop - Naturales Canaria","description":"Productos de Aloe Vera de Canarias","potentialAction":[{"@type":"SearchAction","target":{"@type":"EntryPoint","urlTemplate":"https:\/\/www.naturales-canarias.com\/nl\/?s={search_term_string}"},"query-input":{"@type":"PropertyValueSpecification","valueRequired":true,"valueName":"search_term_string"}}],"inLanguage":"es"}]}</script>
<!-- / Yoast SEO plugin. -->

Champú de Aloe Vera | Dermetiks - Aloe Vera Shop - Naturales Canaria

Champú de Aloe Vera | Dermetiks 250ml | Dermetiks
